hat is h(5)?
4
Let b(d) = -d**3 + 4*d**2 - d + 2. Give b(4).
-2
Let t(b) = -b**3 - 23*b**2 - 23*b - 23. What is t(-22)?
-1
Let d(k) = 54*k + 1. Calculate d(1).
55
Let d(y) = y**2 + 15*y - 12. Give d(-17).
22
Let c(k) = k**3 - 4*k**2 - 4*k - 5. Give c(4).
-21
Let n(f) = 4*f - 6. Determine n(3).
6
Let b(r) = -12*r - 86. Give b(-7).
-2
Let d(t) = 2*t**3 + 34*t**2 + t + 32. What is d(-17)?
15
Let t(h) = -h**2 - 10*h + 17. Determine t(-7).
38
Let l(q) = -2*q**3 + 17*q**2 + 8*q + 22. Determine l(9).
13
Let a(s) = -s**3 + 7*s**2 + 4. Give a(7).
4
Let a(s) = 2*s**3 + 67*s**2 + 32*s - 34. Give a(-33).
-1
Let y(x) = -x - 12. Give y(-13).
1
Let p(i) = -6*i + 52. Calculate p(8).
4
Let y(r) = -2*r**3 + 3*r**2 + r - 4. What is y(2)?
-6
Let k(y) = -3*y**2 + 18*y - 6. Determine k(6).
-6
Let l(o) = 2*o - 5. Calculate l(5).
5
Let s(g) = -5*g**2 - g + 8. Give s(-5).
-112
Let p(g) = 3*g**2 - g. Give p(1).
2
Let p(o) = -o**3 + 31*o**2 - 55*o - 82. Give p(29).
5
Let x(y) = y**3 - 6*y**2 - 4*y - 6. Give x(6).
-30
Let z(m) = -m**3 - 14*m**2 - 14*m - 30. Calculate z(-13).
-17
Let d(r) = -r + 17. Calculate d(-10).
27
Let u(v) = 4*v + 12. Give u(2).
20
Let m(h) = h**2 + 2*h - 3. Give m(3).
12
Let c(w) = -16*w - 24. Give c(-1).
-8
Let q(w) = -w + 1. Determine q(-10).
11
Let d(s) = s**2 - 5*s - 2. What is d(4)?
-6
Let i(n) = n**3 + n**2 - 42*n + 4. What is i(-7)?
4
Let h(m) = 2*m + 13. What is h(-7)?
-1
Let s(d) = -2*d**3 - 28*d**2 - 4*d - 19. Calculate s(-14).
37
Let a(m) = 3*m - 37. What is a(8)?
-13
Let y(l) = 2*l**2 - 8*l + 15. What is y(9)?
105
Let y(z) = 9*z + 7. Calculate y(4).
43
Let w(a) = a**2 + 14*a + 23. Calculate w(-13).
10
Let a(j) = 47*j. Determine a(-1).
-47
Let p(l) = -l**2 - 2*l - 7. What is p(-6)?
-31
Let h(y) = 6*y + 6. Give h(1).
12
Let a(p) = p**2 - p + 3. Determine a(0).
3
Let k(w) = w**2 - 31. Calculate k(-7).
18
Let p(q) = 6*q + 171. Calculate p(-32).
-21
Let x(y) = -3*y - 35. What is x(-7)?
-14
Let z(o) = -o**2 - 13*o - 15. Determine z(-12).
-3
Let n(m) = m**3 + 7*m**2 - 12*m - 16. Calculate n(-8).
16
Let v(t) = t**3 + 7*t**2 - 13*t - 36. What is v(-8)?
4
Let j(z) = -9*z + 20. Calculate j(11).
-79
Let h(c) = c - 4. Give h(6).
2
Let l(c) = c**3 + 7*c**2 - 6*c - 10. Give l(-7).
32
Let i(x) = 32*x**2 - 18*x - 18. Calculate i(-1).
32
Let v(l) = l**2 - 11*l + 30. Calculate v(10).
20
Let x(z) = -2*z**2 - 8*z + 17. What is x(-5)?
7
Let m(v) = -v**3 + 17*v**2 + 19*v - 27. What is m(18)?
-9
Let p(h) = -7*h**2 - 2*h - 2. Calculate p(2).
-34
Let b(f) = -8*f**2 + 2*f - 1. What is b(1)?
-7
Let f(o) = o**3 - 7*o**2 + 3*o + 2. Give f(3).
-25
Let q(o) = o**3 + 9*o**2 - 16. Give q(-9).
-16
Let a(v) = -v - 10. Determine a(0).
-10
Let p(h) = -4*h**2 - 6*h + 7. Determine p(3).
-47
Let b(y) = y**3 + 8*y**2 + 9*y + 9. Determine b(-7).
-5
Let i(y) = -y**3 - 9*y**2 + 12*y + 12. Give i(-10).
-8
Let x(c) = -c**3 + 7*c**2 + 8*c + 11. What is x(8)?
11
Let u(b) = -b**3 - 5*b**2 - 4*b - 25. Determine u(-5).
-5
Let f(d) = -6*d + 10. Give f(-11).
76
Let b(f) = f**3 + 33*f**2 - 34*f - 20. What is b(-34)?
-20
Let n(s) = s**3 + 5*s**2 - 15*s - 13. Give n(-7).
-6
Let t(h) = 21*h - 1. Determine t(2).
41
Let q(w) = -w + 2. What is q(8)?
-6
Let t(u) = -2*u**2 + 57*u + 23. What is t(29)?
-6
Let u(l) = l**3 + 7*l**2 + 13*l + 40. Calculate u(-5).
25
Let v(o) = 14*o + 98. Determine v(-8).
-14
Let h(q) = q + 17. Determine h(-13).
4
Let x(w) = -w**3 + 3*w**2 + 7*w - 1. Determine x(5).
-16
Let b(u) = 2*u + 5. What is b(-1)?
3
Let j(y) = -y**2 + y + 2. Determine j(-2).
-4
Let h(z) = z**2 + 8*z - 5. Calculate h(-10).
15
Let p(q) = 2*q**3 + q**2 - 8*q - 2. Determine p(-3).
-23
Let r(q) = 24*q - 74. Give r(6).
70
Let z(k) = -k**3 - 29*k**2 + 6*k + 155. Determine z(-29).
-19
Let v(h) = -h**3 + 13*h**2 + 14*h - 18. Determine v(14).
-18
Let m(h) = h**3 + 35*h**2 - 77*h - 105. Calculate m(-37).
6
Let h(f) = -2*f**2 - 49*f - 12. Calculate h(-24).
12
Let y(i) = i**3 + 5*i**2 + 3*i + 7. Give y(-5).
-8
Let c(k) = -k**3 + 5*k**2 + 9*k - 8. Give c(6).
10
Let p(n) = 3*n + 10. Give p(-7).
-11
Let v(i) = -i**3 + 19*i**2 + 20*i + 8. What is v(20)?
8
Let d(b) = -4*b - 118. Calculate d(-28).
-6
Let l(d) = d**2 - 4*d - 6. Calculate l(6).
6
Let v(u) = 2*u**2 - 6*u - 40. Give v(7).
16
Let p(h) = h**3 + 17*h**2 + 60*h + 2. Calculate p(-12).
2
Let m(q) = 2*q**3 + 3*q**2 - 5*q - 8. Calculate m(-2).
-2
Let p(i) = 4*i**2 - 7*i + 8. Give p(3).
23
Let m(a) = -a - 52. Calculate m(-22).
-30
Let c(g) = -g**2 + 9*g - 30. Give c(4).
-10
Let k(c) = c**3 + 5*c**2 - 11*c + 10. Determine k(-6).
40
Let c(l) = -l**3 + 40*l**2 + 42*l - 77. Determine c(41).
-36
Let a(d) = -7*d + 34. Determine a(5).
-1
Let w(y) = -33*y - 91. What is w(-3)?
8
Let f(v) = 10*v**2 - 39*v + 2. Give f(4).
6
Let d(n) = n**3 + 4*n**2 - 7*n + 12. What is d(-5)?
22
Let h(u) = -u**2 + 3*u + 6. Calculate h(0).
6
Let i(k) = k + 19. What is i(4)?
23
Let x(k) = -2*k**2 + 2*k - 3. Determine x(1).
-3
Let c(k) = 11*k + 3. What is c(-6)?
-63
Let f(v) = v + 53. Determine f(0).
53
Let d(v) = -v**3 - 11*v**2 - 9*v + 3. What is d(-10)?
-7
Let k(j) = j**2 + 12*j + 21. Give k(-8).
-11
Let h(u) = -6*u - 6. Determine h(-3).
12
Let f(i) = -2*i**2 + 6*i + 2. Determine f(-2).
-18
Let k(y) = -y**2 - 5*y - 10. Determine k(-4).
-6
Let c(s) = 4*s - 3. Give c(9).
33
Let z(r) = -r**3 - 18*r**2 + 18*r + 21. Determine z(-19).
40
Let g(i) = -6*i**2 - 142*i + 54. What is g(-24)?
6
Let t(b) = b**3 - 5*b**2 - 96*b + 548. What is t(6)?
8
Let l(d) = -d**3 + 17*d**2 + 37*d + 23. Determine l(19).
4
Let b(r) = -3*r**3 + 2*r**2 + 15*r - 21. Calculate b(2).
-7
Let m(v) = -v**3 - 4*v**2 + 6*v + 3. Calculate m(-5).
-2
Let r(g) = -2*g**3 + 73*g**2 + 40*g - 100. Calculate r(37).
11
Let z(h) = -h**3 + 12*h**2 - 13*h + 16. Give z(11).
-6
Let y(p) = p**2 + 56*p + 668. What is y(-17)?
5
Let f(d) = -3*d**2 - 16*d - 1. Determine f(-5).
4
Let o(k) = -k**3 - 12*k**2 - 15*k - 13. What is o(-11)?
31
Let q(i) = -i**3 - 4*i**2 - 2. Determine q(-3).
-11
Let x(o) = 2*o**2 + 19*o + 15. Determine x(-8).
-9
Let f(i) = i**3 + 3*i**2 - i - 2. Calculate f(-4).
-14
Let t(k) = -k + 13. Give t(3).
10
Let p(m) = -m**2 + 6*m + 54. Determine p(10).
14
Let y(h) = 5*h**2 - h - 4. Calculate y(2).
14
Let l(a) = a**2 + 21*a - 10. Calculate l(-21).
-10
Let b(u) = -10*u + 103. Determine b(12).
-17
Let g(c) = -3*c**2 - 3*c - 7. Calculate g(-5).
-67
Let h(p) = -p**3 + 12*p**2 + 34*p - 85. Determine h(14).
-1
Let t(o) = -o**3 - 4*o**2 - 6*o - 6. Give t(-4).
18
Let c(l) = l**2 - l - 5. What is c(-12)?
151
Let n(l) = 2*l**2 + 8*l - 6. Calculate n(-6).
18
Let a(f) = 12*f**3 - 2*f**2 + 3*f - 2. What is a(2)?
92
Let r(t) = 68*t**3 + 2*t**2 + 5*t + 4. Determine r(-1).
-67
Let y(u) = u**3 + 7*u**2 - 10*u - 2. Calculate y(-7).
68
Let w(z) = -4*z**2 + z - 1. Calculate w(3).
-34
Let z(y) = y**3 - 9*y**2 - 23*y + 16. Calculate z(11).
5
Let u(l) = 3*l**2 + 8*l + 7. Give u(-2).
3
Let w(i) = i**3 - 20*i**2 - 4*i + 61. Give w(20).
-19
Let d(f) = -9*f**2 - 5*f + 10. Give d(3).
-86
Let n(u) = 14*u - 2. What is n(3)?
40
Let j(b) = 3*b - 4. Calculate j(8).
20
Let q(t) = t - 8. Give q(8).
0
Let c(a) = -12*a**2 - 5. Determine c(2).
-53
Let f(v) = -2*v**3 + 70*v**2 + v - 23. Give f(35).
12
Let n(y) = y**3 - 10*y**2 + 18*y - 14. Calculate n(8).
2
Let i(z) = -8*z + 8. What is i(-9)?
80
Let i(z) = -z**2 - 7*z - 12. What is i(-8)?
-20
Let k(d) = 7*d + 44. Calculate k(-7).
-5
Let j(r) = -r**3 - 17*r**2 - 29*r - 2. Give j(-15).
-17
Let t(y) = 23*y**2 + 113*y + 6. What is t(-5)?
16
Let h(a) = a**3 + 6*a**2 + 5*a - 2. Calculate h(-6).
-32
Let a(s) = s + 7. Give a(4).
11
Let r(t) = t + 14. Calculate r(4).
18
Let u(s) = s - 35. Determine u(-14).
-49
Let b(o) = -3*o**2 + 7*o - 13. Calculate b(2).
-11
Let d(h) = -7*h + 8. Calculate d(8).
-48
Let d(n) = n**2 - n - 4. Determine d(3).
2
Let k(i) = 2*i**3 - 2*i**2 - 3*i + 4. Give k(0).
4
Let z(h) = h**2 + 5*h - 7. Determine z(-7).
7
Let a(r) = 4*r - 38. Determine a(12).
10
Let w(a) = 9*a**2 - 4*a + 2. Determine w(2).
30
Let a(f) = -7*f - 2. Determine a(3).
-23
Let b(i) = 3*i**2 + 27*i - 14. What is b(-10)?
16
Let g(i) = 5*i + 64. Calculate g(-13).
-1
Let o(w) = w**3 - 11*w**2 + 8*w + 14. Calculate o(10).
-6
Let z(d) = -d**2 + 11*d + 82. Calculate z(17).
-20
Let h(m) = m**3 - 5*m**2 - 13*m + 18. Determine h(8).
106
Let z(